ber?
False
Is (-336604)/(-34) + (-62)/527 + 1 a composite number?
False
Let i(c) = 1134*c**2 - 5*c + 1. Suppose 4*z + 4*b - 12 = 0, 0 = 6*b - 2*b - 20. Is i(z) a prime number?
True
Let j = 161 + 2628. Is j a prime number?
True
Suppose 444317 = 24*b + 112421. Is b prime?
True
Let v(n) be the third derivative of 0 - 1/20*n**5 - 2*n**2 + 0*n - 1/3*n**3 - 1/6*n**4 - 1/60*n**6. Is v(-4) composite?
True
Let r(v) = 23*v**2 + 7*v - 2. Let b be 1 - 5 - (-18)/2. Let f be r(b). Suppose 2*u - f = -6. Is u prime?
False
Suppose 0 = 5*g - 2*m - 1787, -379 = 7*g - 8*g - 5*m. Is g a composite number?
False
Suppose 0 = -3*h - 0*h + 2787. Suppose 208 = 3*j - h. Is j prime?
True
Let f(y) = -199*y - 45. Let r be f(-12). Suppose -4*x - 5*p = -5*x + r, 5*p = -2*x + 4656. Is x prime?
True
Let j = 84 + -17. Is j composite?
False
Let a be (-4)/3*636/8. Let m(s) = 57*s. Let i be m(9). Let b = i + a. Is b a prime number?
False
Let c be (0 + 16/20)*10. Is 2538/c - (-16)/(-64) composite?
False
Let b(o) = -o**3 - 9*o**2 - 10*o - 6. Let r be b(-8). Let j(l) = 38*l - 10. Let v be j(r). Suppose 0 = -4*g - 2*z + v + 152, 4*z = -3*g + 389. Is g composite?
False
Let w(t) = 600*t - 119. Is w(33) a composite number?
False
Suppose -17 - 5 = -3*f + 5*s, 2*f - 2*s - 12 = 0. Let d(m) = 7*m + 0 - 5 + 22*m**2 - 10*m**2. Is d(f) a prime number?
False
Let k = 28543 + -15144. Is k composite?
False
Suppose 0*x = -m - 5*x, 3*m - 42 = -x. Is (-2)/(6/m*(-30)/1338) prime?
True
Suppose -34*k = 75518 - 480152. Is k a composite number?
True
Suppose -a + 4701 = u + a, -2*a - 4681 = -u. Is u a prime number?
True
Let p = -60 + 15. Let t = p + 58. Is t prime?
True
Is (-1598883)/(-169) - (-6)/39 prime?
True
Suppose -15 = -3*h, 2*c - 3*h = -2*c + 53521. Let y = 2010 - c. Is y/(-30) + 2/(-15) a prime number?
True
Let r = 39 + -34. Let k(y) = 9*y + 14. Is k(r) composite?
False
Let k = -29 - -63. Suppose -35*q = -k*q - 1067. Is q a composite number?
True
Suppose -224521 = 25*g - 36*g. Is g composite?
False
Let l(f) = 4425*f**2 + 58*f + 3. Is l(-4) prime?
True
Let g(q) = -161*q + 88. Is g(-15) prime?
True
Suppose -2*a - 5*n + 5743 = 2*a, -2*a = -n - 2875. Is a a composite number?
True
Suppose 0 = d - 4*d + 12. Is d - (4 + -2) - -89 prime?
False
Suppose 2*i - 2*u = 5852, -5*i - u + 14626 = -2*u. Suppose -3*o + 5*n = -32, -2*o + 16 = -3*o - 5*n. Suppose i + 583 = o*j. Is j a composite number?
False
Suppose -3*t + 2146 = -2*n, 4*t - 3*t + 5*n = 704. Let p = t - 335. Is p a prime number?
True
Let b = 610 + 757. Is b composite?
False
Let r(x) be the third derivative of -x**4/12 - 4*x**3/3 + x**2. Let z(f) = 3*f + 15. Let y(k) = 5*r(k) + 2*z(k). Is y(-17) prime?
False
Let n(s) = -2*s + 7. Let p be n(6). Let i(c) = -12 + 8*c**2 + 6 + c**2 + 4*c + 0*c**2. Is i(p) composite?
False
Suppose -50*g + 3 = -49*g. Suppose -911 + 2948 = g*x. Is x prime?
False
Suppose x - 447 = -56. Is x a prime number?
False
Let t(n) = 3*n**2 - 14*n - 68. Let w(p) = -p**2 + 5*p + 23. Let l(y) = 4*t(y) + 11*w(y). Is l(9) a composite number?
False
Let d = 362 - -884. Suppose 7*z - 511 - d = 0. Is z a composite number?
False
Let n be -2 + 0 + (-12 - -7641). Let d = n + -3709. Suppose -302 - d = -4*i. Is i prime?
False
Let m(z) = 1946*z - 19. Is m(6) a composite number?
False
Suppose -4406 = -30*f + 28*f. Is f a prime number?
True
Suppose 0*l - 68 = -5*j - l, 0 = 4*j + 3*l - 61. Let x be (j - 686)*(-2 - -1). Suppose -5*r + x = -5*q + 6*q, 5*r - 3365 = -5*q. Is q a prime number?
True
Suppose 13*b - 10*b - 151386 = 3*x, 5*b + 5*x - 252280 = 0. Is b a prime number?
True
Suppose 4*z = -z - 30. Let g be (0 - (-88)/12)*z. Is 4*g/(-16)*13 a prime number?
False
Let f = 1469 - 492. Is f prime?
True
Let z(w) = -2187*w + 634. Is z(-7) a prime number?
False
Let u be 2*22*(7 - 6). Is (462/u)/(1/2) a prime number?
False
Suppose 0 = -16*d + 12182 + 109562. Is d composite?
True
Let w(i) = i**2 - 12*i + 15. Let v be w(12). Let o = v - 14. Suppose -2*r = 4*h - 66, -2*h = -h + 4*r + o. Is h prime?
True
Let s be 1152/6 + -3 + 7. Suppose 8*q + s = 12*q. Is 6/(-14) + 5852/q a prime number?
False
Let v be -5*(0 - (-4)/4). Is 746 - (-3 - -1 - v) a composite number?
False
Suppose -4*p + 5*x = -1090 - 2203, 4*x = p - 815. Suppose 2*c - p - 87 = 0. Let b = c + -234. Is b a prime number?
True
Let p = -13 - -68. Suppose 2*l = -t + 5*l + 1, -4*t + p = 5*l. Suppose -7*j - 2391 = -t*j. Is j prime?
True
Suppose -24*t - p = -29*t + 47634, p = 3*t - 28580. Is t prime?
False
Suppose -18*f = -12*f - 3786. Is f a composite number?
False
Suppose -2*r = -3*r - 3183. Let l = -1456 - r. Is l a prime number?
False
Let l = 1956 + -1125. Let t = l + 122. Is t prime?
True
Suppose 7 + 2 = -4*r - 5*j, 4*r - 1 = -3*j. Let p(q) = q**2 - 13*q + 11. Let k be p(14). Suppose 5*y = -5*v + 50, -k = 2*v - r*v - y. Is v a prime number?
False
Let p = 20 + -22. Let x be (1 - (4 + p))*11. Let q(l) = -l**3 - 11*l**2 - 2*l + 15. Is q(x) a composite number?
False
Let v be -4 + 0/2 - -513. Suppose 251 = g + 4*i - 6*i, 2*g - v = -3*i. Is g composite?
True
Suppose -5*r - 15 = -4*f, f - 3*f + 6 = -2*r. Suppose -q - q - 3*g + 1778 = f, -889 = -q - g. Is q prime?
False
Suppose 0 = q, -2*p + 4*q + 2692 = -0*p. Suppose 7*s - p = 5*s. Is s prime?
True
Let f = 745 + -45. Suppose -4*t = -2*x + f, 938 = 4*x - 2*t - 486. Let s = x + -231. Is s prime?
True
Suppose w - 468 = 3*l, -2*w + l + 719 = -222. Let f = w - 262. Is f composite?
True
Let y(c) be the second derivative of -c**5/5 - c**4/4 + 7*c**3/6 + 7*c**2/2 - 31*c. Let l be 6/(-2)*-1 - 8. Is y(l) prime?
True
Suppose 50*s = 61*s - 188617. Is s composite?
True
Suppose -2*i = 26 - 12. Let v = 83 + i. Suppose x + v = 5*x. Is x composite?
False
Suppose 2*b - d = 10, b - 5*b - d = -14. Suppose 2*q = 3*w + 556, -5*q - 2*w + 1401 = -4*w. Suppose b*p - q = 35. Is p a composite number?
False
Suppose 5*j = -1905 + 8830. Suppose 3*l - j + 248 = 0. Is l a prime number?
True
Let j = -17 + 25. Suppose -3*m - m + j = 0. Suppose -42 = -m*x + 212. Is x composite?
False
Suppose 7*v - 12832 = 3*v. Let y = v - 1409. Is y a prime number?
False
Suppose k - 114 = -3*n, 0 = 3*n - 4*n - 1. Let x = k - 52. Suppose 0 = -v + 64 + x. Is v composite?
True
Let o(a) = -179*a - 3. Suppose 7*y = 6*y. Suppose -4*v + 1 = -3, y = 4*d + 5*v + 3. Is o(d) prime?
False
Let q = 1340 + 1012. Suppose -4*i + i + 3*d = -q, -d = 5. Is i composite?
True
Suppose 0 = -5*t + 22*t - 16949. Is t a prime number?
True
Suppose 5*b - 2*z - 5367 = 0, -5*z + 9*z = 4*b - 4296. Is b prime?
False
Suppose 2*c = -c + 15. Let l(x) = -1 - 3*x + x + 4*x**2 + 0*x**2. Is l(c) a prime number?
True
Let k = 10 - 5. Suppose 4*g = -g + k*n + 6300, -5*n = -g + 1256. Is g a composite number?
True
Suppose -3*h + 3*o - 7*o + 17 = 0, -2*o + 19 = 5*h. Suppose -6*z + 5608 = -z - h*f, -2*f - 2 = 0. Is z prime?
False
Is 56/70 + 2252/10 composite?
True
Suppose 3*d = 8644 + 27053. Is d prime?
False
Let x(z) = -7524*z + 73. Is x(-2) a prime number?
True
Suppose -5*a - 5 = -20. Suppose a*t + 1574 = 5*t. Let v = t - 494. Is v a composite number?
False
Let u be (-2 - 0)*-4*1/(-2). Is ((-2)/u - 1)/((-7)/10934) a prime number?
False
Let y = 4 - 8. Is ((-197)/y)/((-3)/(-3*44)) a composite number?
True
Let i be -4 + 1 - (-1 + -2). Suppose i = -4*d - 0 + 8. Is 11 - (2 - (0 + d)) a prime number?
True
Let d(a) = -3*a + 3. Let r be d(-1). Suppose -421 = -r*y + 677. Is y composite?
True
Let v = 40 + -15. Let g be (80/v)/(4/390). Let x = -103 + g. Is x prime?
False
Let j(f) = 331*f - 146. Is j(27) prime?
False
Let j = 1871 + -720. Is j a prime number?
True
Suppose -2*i + 5*o - 27 = 0, 3*o = 9 + 6. Is (21/(-12) - i) + 3550/8 a composite number?
False
Let d(z) = 1066*z**2 + 4*z - 4. Let i(m) = -1067*m**2 - 5*m + 5. Let q(h) = 6*d(h) + 5*i(h). Is q(1) a prime number?
True
Suppose 4*y - o - 16078 = 18079, 2*o = -2. Is y a prime number?
True
Let w(v) = -v + 3. Let a be w(-1). Is 1623/21 - (-7)/((-98)/a) a prime number?
False
Suppose 71084 = 12*r - 8464. Is r composite?
True
Let j = 23 - 19. Suppose 0*y - 11420 = -j*y. Suppose 5*l - y = -5*v - 0*v, 3*v - l = 1721. Is v composite?
True
Suppose -4*w + 7 = -21. Let r(a) = w*a - 3 - 1 + 7 - 1. Is r(5) composite?
False
Let i(j) = -j**3 - 14*j**2 + 6*j. Let b be i(-7). Let d = b + 136. Let n = d - -376. Is n prime?
True
